{"id":237,"date":"2025-01-15T20:25:10","date_gmt":"2025-01-15T19:25:10","guid":{"rendered":"https:\/\/www.jobinformatique.org\/?page_id=237"},"modified":"2025-01-16T15:09:44","modified_gmt":"2025-01-16T14:09:44","slug":"elementor-237","status":"publish","type":"page","link":"https:\/\/www.jobinformatique.org\/?page_id=237","title":{"rendered":"FORMATION LOGICIELS &#038; OUTILS BUREAUTIQUE"},"content":{"rendered":"\t\t<div data-elementor-type=\"wp-page\" data-elementor-id=\"237\" class=\"elementor elementor-237\">\n\t\t\t\t<div class=\"elementor-element elementor-element-354c47b e-grid e-con-boxed e-con e-parent\" data-id=\"354c47b\" data-element_type=\"container\">\n\t\t\t\t\t<div class=\"e-con-inner\">\n\t\t\t\t<div class=\"elementor-element elementor-element-8d9a4b4 elementor-widget elementor-widget-image\" data-id=\"8d9a4b4\" data-element_type=\"widget\" data-widget_type=\"image.default\">\n\t\t\t\t<div class=\"elementor-widget-container\">\n\t\t\t\t\t\t\t\t\t\t\t\t\t\t\t<img fetchpriority=\"high\" decoding=\"async\" width=\"371\" height=\"246\" src=\"https:\/\/www.jobinformatique.org\/wp-content\/uploads\/2025\/01\/Capture-decran-2025-01-15-202637.png\" class=\"attachment-medium_large size-medium_large wp-image-239\" alt=\"\" srcset=\"https:\/\/www.jobinformatique.org\/wp-content\/uploads\/2025\/01\/Capture-decran-2025-01-15-202637.png 371w, https:\/\/www.jobinformatique.org\/wp-content\/uploads\/2025\/01\/Capture-decran-2025-01-15-202637-300x199.png 300w\" sizes=\"(max-width: 371px) 100vw, 371px\" \/>\t\t\t\t\t\t\t\t\t\t\t\t\t\t\t<\/div>\n\t\t\t\t<\/div>\n\t\t\t\t<div class=\"elementor-element elementor-element-d4196ad elementor-widget elementor-widget-text-editor\" data-id=\"d4196ad\" data-element_type=\"widget\" data-widget_type=\"text-editor.default\">\n\t\t\t\t<div class=\"elementor-widget-container\">\n\t\t\t\t\t\t\t\t\t<div class=\"text-box fadeInUp\"><p><span class=\"TextRun SCXW245002343 BCX0\" lang=\"FR-FR\" xml:lang=\"FR-FR\" data-contrast=\"auto\"><span class=\"NormalTextRun SCXW245002343 BCX0\">Les outils informatiques <\/span><span class=\"NormalTextRun SCXW245002343 BCX0\">et les logiciels informatiques sont de plus en plus nombreux <\/span><span class=\"NormalTextRun SCXW245002343 BCX0\">et,<\/span><span class=\"NormalTextRun SCXW245002343 BCX0\"> plus particuli\u00e8rement, de plus en plus <\/span><span class=\"NormalTextRun SCXW245002343 BCX0\">utiles pour r\u00e9aliser les formalit\u00e9s<\/span><span class=\"NormalTextRun SCXW245002343 BCX0\"> et les t\u00e2ches<\/span><span class=\"NormalTextRun SCXW245002343 BCX0\"> du quotidien\u202f: r\u00e9daction de courriers, <\/span><span class=\"NormalTextRun SCXW245002343 BCX0\">cr\u00e9ation de tableaux pour g\u00e9rer le budget du foyer, <\/span><span class=\"NormalTextRun SCXW245002343 BCX0\">cr\u00e9ation de montages photo<\/span><span class=\"NormalTextRun SCXW245002343 BCX0\">s,<\/span><span class=\"NormalTextRun SCXW245002343 BCX0\"> etc. <\/span><span class=\"NormalTextRun SCXW245002343 BCX0\">Ces outils du quotidien peuvent \u00eatre difficiles \u00e0 appr\u00e9hender. Pour <\/span><span class=\"NormalTextRun SCXW245002343 BCX0\">cette raison<\/span><span class=\"NormalTextRun SCXW245002343 BCX0\">, faire une formation peut s\u2019av\u00e9rer indispensable pour am\u00e9liorer ses connaissances et comp\u00e9tences<\/span><span class=\"NormalTextRun SCXW245002343 BCX0\"> informatiques<\/span><span class=\"NormalTextRun SCXW245002343 BCX0\"> et<\/span><span class=\"NormalTextRun SCXW245002343 BCX0\"> ainsi<\/span> <span class=\"NormalTextRun SCXW245002343 BCX0\">utiliser les outils en toute simplicit\u00e9.<\/span><\/span><span class=\"EOP SCXW245002343 BCX0\" data-ccp-props=\"{&quot;201341983&quot;:0,&quot;335559739&quot;:160,&quot;335559740&quot;:259}\">\u00a0<\/span><\/p><\/div>\t\t\t\t\t\t\t\t<\/div>\n\t\t\t\t<\/div>\n\t\t\t\t\t<\/div>\n\t\t\t\t<\/div>\n\t\t<div class=\"elementor-element elementor-element-538b03f e-flex e-con-boxed e-con e-parent\" data-id=\"538b03f\" data-element_type=\"container\">\n\t\t\t\t\t<div class=\"e-con-inner\">\n\t\t\t\t<div class=\"elementor-element elementor-element-766da60 elementor-widget elementor-widget-heading\" data-id=\"766da60\" data-element_type=\"widget\" data-widget_type=\"heading.default\">\n\t\t\t\t<div class=\"elementor-widget-container\">\n\t\t\t\t\t<h2 class=\"elementor-heading-title elementor-size-default\">L\u2019initiation aux logiciels et outils informatiques non professionnels \u00e0 domicile<\/h2>\t\t\t\t<\/div>\n\t\t\t\t<\/div>\n\t\t\t\t\t<\/div>\n\t\t\t\t<\/div>\n\t\t<div class=\"elementor-element elementor-element-29f9e10 e-flex e-con-boxed e-con e-parent\" data-id=\"29f9e10\" data-element_type=\"container\">\n\t\t\t\t\t<div class=\"e-con-inner\">\n\t\t\t\t<div class=\"elementor-element elementor-element-3ee9c63 elementor-widget elementor-widget-text-editor\" data-id=\"3ee9c63\" data-element_type=\"widget\" data-widget_type=\"text-editor.default\">\n\t\t\t\t<div class=\"elementor-widget-container\">\n\t\t\t\t\t\t\t\t\t<p>Que vous soyez d\u00e9butant ou que vous n\u2019ayez jamais utilis\u00e9 un logiciel ou un outil de bureautique, une formation peut \u00eatre n\u00e9cessaire notamment pour\u202fapprendre l\u2019utilisation des outils de traitement de texte et ma\u00eetriser\u202f:\u00a0<\/p><ul class=\"wp-block-list\"><li>La r\u00e9daction des documents\u202f;\u00a0<\/li><li>La mise en forme des documents\u202f;\u00a0<\/li><li>La cr\u00e9ation de tableaux et les fonctions de calcul disponibles\u202f;\u00a0<\/li><li>La cr\u00e9ation de pr\u00e9sentation\u202f;\u00a0<\/li><li>Et bien plus encore.\u00a0<\/li><\/ul><p>Le but de ce type de cours particuliers \u00e0 domicile est de former les jeunes, les actifs, les retrait\u00e9s et toutes les personnes qui le souhaitent \u00e0 l\u2019utilisation de logiciels non professionnels tels que Microsoft Word, Powerpoint, Excel, Pages, Libre Office dans le but de les utiliser au quotidien. Ces formations personnelles peuvent repr\u00e9senter un v\u00e9ritable atout si vous \u00eates \u00e0 la recherche d\u2019un emploi. En effet, le monde du travail requiert de plus en plus des comp\u00e9tences informatiques de base telles que savoir cr\u00e9er des documents et utiliser des outils informatiques non professionnels.\u00a0<\/p>\t\t\t\t\t\t\t\t<\/div>\n\t\t\t\t<\/div>\n\t\t\t\t\t<\/div>\n\t\t\t\t<\/div>\n\t\t<div class=\"elementor-element elementor-element-f8efcdb e-flex e-con-boxed e-con e-parent\" data-id=\"f8efcdb\" data-element_type=\"container\">\n\t\t\t\t\t<div class=\"e-con-inner\">\n\t\t\t\t<div class=\"elementor-element elementor-element-923481d elementor-widget elementor-widget-heading\" data-id=\"923481d\" data-element_type=\"widget\" data-widget_type=\"heading.default\">\n\t\t\t\t<div class=\"elementor-widget-container\">\n\t\t\t\t\t<h2 class=\"elementor-heading-title elementor-size-default\">La formation aux logiciels et outils bureautiques entre dans le cadre des services \u00e0 la personne   <\/h2>\t\t\t\t<\/div>\n\t\t\t\t<\/div>\n\t\t\t\t\t<\/div>\n\t\t\t\t<\/div>\n\t\t<div class=\"elementor-element elementor-element-78dd0e0 e-flex e-con-boxed e-con e-parent\" data-id=\"78dd0e0\" data-element_type=\"container\">\n\t\t\t\t\t<div class=\"e-con-inner\">\n\t\t\t\t<div class=\"elementor-element elementor-element-f59e548 elementor-widget elementor-widget-text-editor\" data-id=\"f59e548\" data-element_type=\"widget\" data-widget_type=\"text-editor.default\">\n\t\t\t\t<div class=\"elementor-widget-container\">\n\t\t\t\t\t\t\t\t\t<p>Vous souhaitez vous former aux logiciels et outils bureautiques\u202fmais vous ne trouvez pas d\u2019informaticien professionnel pour vous dispenser les formations \u00e0 domicile\u202f? Vous \u00eates sur le bon site\u202f! Faites gratuitement une demande de devis en ligne en expliquant votre projet de formation et recevez dans un d\u00e9lai de 72h maximum un devis\u202f!<\/p><p>A loisir pour vous nous contacter afin d\u2019avoir plus de pr\u00e9cision sur le devis. L&rsquo;entreprise JOBINFORMATIQUE est agr\u00e9\u00e9e services \u00e0 la personne du fait de son adh\u00e9sion \u00e0 la coop\u00e9rative de SAP UNIPROS. Ainsi, vous pouvez b\u00e9n\u00e9ficier d\u2019un cr\u00e9dit d\u2019imp\u00f4t de 50% sur le montant de votre formation \u00e0 domicile, selon l\u2019article 199 sexdecies du code g\u00e9n\u00e9ral des imp\u00f4ts.<\/p>\t\t\t\t\t\t\t\t<\/div>\n\t\t\t\t<\/div>\n\t\t\t\t\t<\/div>\n\t\t\t\t<\/div>\n\t\t<div class=\"elementor-element elementor-element-76e5e8d e-flex e-con-boxed e-con e-parent\" data-id=\"76e5e8d\" data-element_type=\"container\">\n\t\t\t\t\t<div class=\"e-con-inner\">\n\t\t\t\t<div class=\"elementor-element elementor-element-3bb67e4 elementor-widget elementor-widget-heading\" data-id=\"3bb67e4\" data-element_type=\"widget\" data-widget_type=\"heading.default\">\n\t\t\t\t<div class=\"elementor-widget-container\">\n\t\t\t\t\t<h2 class=\"elementor-heading-title elementor-size-default\">Quels sont les outils de bureautique en informatique\u202f? <\/h2>\t\t\t\t<\/div>\n\t\t\t\t<\/div>\n\t\t\t\t\t<\/div>\n\t\t\t\t<\/div>\n\t\t<div class=\"elementor-element elementor-element-60eea2c e-flex e-con-boxed e-con e-parent\" data-id=\"60eea2c\" data-element_type=\"container\">\n\t\t\t\t\t<div class=\"e-con-inner\">\n\t\t\t\t<div class=\"elementor-element elementor-element-3fb72ed elementor-widget elementor-widget-text-editor\" data-id=\"3fb72ed\" data-element_type=\"widget\" data-widget_type=\"text-editor.default\">\n\t\t\t\t<div class=\"elementor-widget-container\">\n\t\t\t\t\t\t\t\t\t<p>Les outils de bureautique sont\u202f: <br \/>\u2013 Les outils de production de documents tels que Word, Libre Office Writer, Page\u2026\u202f; <br \/>\u2013 Les outils de communication tels que Outlook, Gmail\u2026\u202f; <br \/>\u2013 Les outils de conservation tels que les outils de gestion des documents\u202f: Finder, Cloud\u2026<\/p>\t\t\t\t\t\t\t\t<\/div>\n\t\t\t\t<\/div>\n\t\t\t\t\t<\/div>\n\t\t\t\t<\/div>\n\t\t<div class=\"elementor-element elementor-element-769e501 e-flex e-con-boxed e-con e-parent\" data-id=\"769e501\" data-element_type=\"container\">\n\t\t\t\t\t<div class=\"e-con-inner\">\n\t\t\t\t<div class=\"elementor-element elementor-element-e0a9723 elementor-widget elementor-widget-heading\" data-id=\"e0a9723\" data-element_type=\"widget\" data-widget_type=\"heading.default\">\n\t\t\t\t<div class=\"elementor-widget-container\">\n\t\t\t\t\t<h2 class=\"elementor-heading-title elementor-size-default\">La formation au logiciel informatique est-elle \u00e9ligible au cr\u00e9dit d\u2019imp\u00f4t\u202f? <\/h2>\t\t\t\t<\/div>\n\t\t\t\t<\/div>\n\t\t\t\t\t<\/div>\n\t\t\t\t<\/div>\n\t\t<div class=\"elementor-element elementor-element-6092af1 e-flex e-con-boxed e-con e-parent\" data-id=\"6092af1\" data-element_type=\"container\">\n\t\t\t\t\t<div class=\"e-con-inner\">\n\t\t\t\t<div class=\"elementor-element elementor-element-a71d068 elementor-widget elementor-widget-text-editor\" data-id=\"a71d068\" data-element_type=\"widget\" data-widget_type=\"text-editor.default\">\n\t\t\t\t<div class=\"elementor-widget-container\">\n\t\t\t\t\t\t\t\t\t<p>La formation au logiciel informatique non professionnel est \u00e9ligible au cr\u00e9dit d\u2019imp\u00f4t car il s\u2019agit d\u2019une prestation d\u2019assistance informatique \u00e0 domicile d\u00e9finie dans l\u2019article 199 sexdecies du code g\u00e9n\u00e9ral des imp\u00f4ts, dans la limite de 3\u202f000\u20ac par an et par foyer fiscal, soit 1\u202f500\u20ac de cr\u00e9dit d\u2019imp\u00f4t au maximum.<\/p>\t\t\t\t\t\t\t\t<\/div>\n\t\t\t\t<\/div>\n\t\t\t\t\t<\/div>\n\t\t\t\t<\/div>\n\t\t<div class=\"elementor-element elementor-element-ce53101 e-flex e-con-boxed e-con e-parent\" data-id=\"ce53101\" data-element_type=\"container\">\n\t\t\t\t\t<div class=\"e-con-inner\">\n\t\t\t\t<div class=\"elementor-element elementor-element-5ec8e42 elementor-widget elementor-widget-heading\" data-id=\"5ec8e42\" data-element_type=\"widget\" data-widget_type=\"heading.default\">\n\t\t\t\t<div class=\"elementor-widget-container\">\n\t\t\t\t\t<h2 class=\"elementor-heading-title elementor-size-default\">La formation aux outils bureautiques professionnels est-elle \u00e9ligible au cr\u00e9dit d\u2019imp\u00f4t\u202f? <\/h2>\t\t\t\t<\/div>\n\t\t\t\t<\/div>\n\t\t\t\t\t<\/div>\n\t\t\t\t<\/div>\n\t\t<div class=\"elementor-element elementor-element-c0981ea e-flex e-con-boxed e-con e-parent\" data-id=\"c0981ea\" data-element_type=\"container\">\n\t\t\t\t\t<div class=\"e-con-inner\">\n\t\t\t\t<div class=\"elementor-element elementor-element-46c785c elementor-widget elementor-widget-text-editor\" data-id=\"46c785c\" data-element_type=\"widget\" data-widget_type=\"text-editor.default\">\n\t\t\t\t<div class=\"elementor-widget-container\">\n\t\t\t\t\t\t\t\t\t<p>La formation professionnelle aux logiciels et aux outils informatiques n\u2019entre pas dans le cadre des services \u00e0 la personne. En effet, le but des formations de l\u2019assistance informatique \u00e0 domicile qui entre dans le cadre des services \u00e0 la personne est de former les Fran\u00e7ais aux logiciels et outils informatiques \u00e0 usage non professionnel.<\/p>\t\t\t\t\t\t\t\t<\/div>\n\t\t\t\t<\/div>\n\t\t\t\t\t<\/div>\n\t\t\t\t<\/div>\n\t\t\t\t<\/div>\n\t\t","protected":false},"excerpt":{"rendered":"<p>Les outils informatiques et les logiciels informatiques sont de plus en plus nombreux et, plus particuli\u00e8rement, de plus en plus utiles pour r\u00e9aliser les formalit\u00e9s et les t\u00e2ches du quotidien\u202f: r\u00e9daction de courriers, cr\u00e9ation de tableaux pour g\u00e9rer le budget du foyer, cr\u00e9ation de montages photos, etc. Ces outils du quotidien peuvent \u00eatre difficiles \u00e0 [&hellip;]<\/p>\n","protected":false},"author":1,"featured_media":0,"parent":0,"menu_order":0,"comment_status":"closed","ping_status":"closed","template":"","meta":{"footnotes":""},"class_list":["post-237","page","type-page","status-publish","hentry","entry"],"_links":{"self":[{"href":"https:\/\/www.jobinformatique.org\/index.php?rest_route=\/wp\/v2\/pages\/237","targetHints":{"allow":["GET"]}}],"collection":[{"href":"https:\/\/www.jobinformatique.org\/index.php?rest_route=\/wp\/v2\/pages"}],"about":[{"href":"https:\/\/www.jobinformatique.org\/index.php?rest_route=\/wp\/v2\/types\/page"}],"author":[{"embeddable":true,"href":"https:\/\/www.jobinformatique.org\/index.php?rest_route=\/wp\/v2\/users\/1"}],"replies":[{"embeddable":true,"href":"https:\/\/www.jobinformatique.org\/index.php?rest_route=%2Fwp%2Fv2%2Fcomments&post=237"}],"version-history":[{"count":15,"href":"https:\/\/www.jobinformatique.org\/index.php?rest_route=\/wp\/v2\/pages\/237\/revisions"}],"predecessor-version":[{"id":538,"href":"https:\/\/www.jobinformatique.org\/index.php?rest_route=\/wp\/v2\/pages\/237\/revisions\/538"}],"wp:attachment":[{"href":"https:\/\/www.jobinformatique.org\/index.php?rest_route=%2Fwp%2Fv2%2Fmedia&parent=237"}],"curies":[{"name":"wp","href":"https:\/\/api.w.org\/{rel}","templated":true}]}}