{"id":377,"date":"2025-01-16T00:16:07","date_gmt":"2025-01-15T23:16:07","guid":{"rendered":"https:\/\/www.jobinformatique.org\/?page_id=377"},"modified":"2025-01-16T13:19:19","modified_gmt":"2025-01-16T12:19:19","slug":"sformation-sur-la-prise-en-main-des-smartphones","status":"publish","type":"page","link":"https:\/\/www.jobinformatique.org\/?page_id=377","title":{"rendered":"SMARTPHONES"},"content":{"rendered":"\t\t<div data-elementor-type=\"wp-page\" data-elementor-id=\"377\" class=\"elementor elementor-377\">\n\t\t\t\t<div class=\"elementor-element elementor-element-89e666c e-flex e-con-boxed e-con e-parent\" data-id=\"89e666c\" data-element_type=\"container\">\n\t\t\t\t\t<div class=\"e-con-inner\">\n\t\t\t\t<div class=\"elementor-element elementor-element-d44cd02 elementor-widget elementor-widget-image\" data-id=\"d44cd02\" data-element_type=\"widget\" data-widget_type=\"image.default\">\n\t\t\t\t<div class=\"elementor-widget-container\">\n\t\t\t\t\t\t\t\t\t\t\t\t\t\t\t<img fetchpriority=\"high\" decoding=\"async\" width=\"1000\" height=\"288\" src=\"https:\/\/www.jobinformatique.org\/wp-content\/uploads\/2024\/05\/index12.jpg\" class=\"attachment-large size-large wp-image-23\" alt=\"\" srcset=\"https:\/\/www.jobinformatique.org\/wp-content\/uploads\/2024\/05\/index12.jpg 1000w, https:\/\/www.jobinformatique.org\/wp-content\/uploads\/2024\/05\/index12-300x86.jpg 300w, https:\/\/www.jobinformatique.org\/wp-content\/uploads\/2024\/05\/index12-768x221.jpg 768w, https:\/\/www.jobinformatique.org\/wp-content\/uploads\/2024\/05\/index12-500x144.jpg 500w\" sizes=\"(max-width: 1000px) 100vw, 1000px\" \/>\t\t\t\t\t\t\t\t\t\t\t\t\t\t\t<\/div>\n\t\t\t\t<\/div>\n\t\t\t\t<div class=\"elementor-element elementor-element-316f93a elementor-widget elementor-widget-spacer\" data-id=\"316f93a\" data-element_type=\"widget\" data-widget_type=\"spacer.default\">\n\t\t\t\t<div class=\"elementor-widget-container\">\n\t\t\t\t\t\t\t<div class=\"elementor-spacer\">\n\t\t\t<div class=\"elementor-spacer-inner\"><\/div>\n\t\t<\/div>\n\t\t\t\t\t\t<\/div>\n\t\t\t\t<\/div>\n\t\t\t\t\t<\/div>\n\t\t\t\t<\/div>\n\t\t<div class=\"elementor-element elementor-element-07686e9 e-flex e-con-boxed e-con e-parent\" data-id=\"07686e9\" data-element_type=\"container\">\n\t\t\t\t\t<div class=\"e-con-inner\">\n\t\t\t\t<div class=\"elementor-element elementor-element-b2331dc elementor-widget elementor-widget-heading\" data-id=\"b2331dc\" data-element_type=\"widget\" data-widget_type=\"heading.default\">\n\t\t\t\t<div class=\"elementor-widget-container\">\n\t\t\t\t\t<h1 class=\"elementor-heading-title elementor-size-default\">Formation sur la prise en main des smartphones<\/h1>\t\t\t\t<\/div>\n\t\t\t\t<\/div>\n\t\t\t\t\t<\/div>\n\t\t\t\t<\/div>\n\t\t<div class=\"elementor-element elementor-element-cfd321c e-flex e-con-boxed e-con e-parent\" data-id=\"cfd321c\" data-element_type=\"container\">\n\t\t\t\t\t<div class=\"e-con-inner\">\n\t\t\t\t<div class=\"elementor-element elementor-element-4d90e94 elementor-widget elementor-widget-image\" data-id=\"4d90e94\" data-element_type=\"widget\" data-widget_type=\"image.default\">\n\t\t\t\t<div class=\"elementor-widget-container\">\n\t\t\t\t\t\t\t\t\t\t\t\t\t\t\t<img decoding=\"async\" width=\"971\" height=\"341\" src=\"https:\/\/www.jobinformatique.org\/wp-content\/uploads\/2025\/01\/Capture-decran-2025-01-16-001543-1.png\" class=\"attachment-large size-large wp-image-379\" alt=\"\" srcset=\"https:\/\/www.jobinformatique.org\/wp-content\/uploads\/2025\/01\/Capture-decran-2025-01-16-001543-1.png 971w, https:\/\/www.jobinformatique.org\/wp-content\/uploads\/2025\/01\/Capture-decran-2025-01-16-001543-1-300x105.png 300w, https:\/\/www.jobinformatique.org\/wp-content\/uploads\/2025\/01\/Capture-decran-2025-01-16-001543-1-768x270.png 768w\" sizes=\"(max-width: 971px) 100vw, 971px\" \/>\t\t\t\t\t\t\t\t\t\t\t\t\t\t\t<\/div>\n\t\t\t\t<\/div>\n\t\t\t\t\t<\/div>\n\t\t\t\t<\/div>\n\t\t<div class=\"elementor-element elementor-element-d21e89b e-flex e-con-boxed e-con e-parent\" data-id=\"d21e89b\" data-element_type=\"container\">\n\t\t\t\t\t<div class=\"e-con-inner\">\n\t\t\t\t<div class=\"elementor-element elementor-element-16af0f5 elementor-widget elementor-widget-text-editor\" data-id=\"16af0f5\" data-element_type=\"widget\" data-widget_type=\"text-editor.default\">\n\t\t\t\t<div class=\"elementor-widget-container\">\n\t\t\t\t\t\t\t\t\t<p>Les t\u00e9l\u00e9phones nouvelle g\u00e9n\u00e9ration plus fr\u00e9quemment connus sous le nom de \u00ab\u202fsmartphone\u202f\u00bb qui signifie \u00ab\u202ft\u00e9l\u00e9phone intelligent\u202f\u00bb en anglais sont, aujourd\u2019hui, devenus compl\u00e8tement indispensables au quotidien\u202f! Ces nouvelles technologies requi\u00e8rent parfois une formation pour les prendre en main et profiter pleinement de toutes les fonctionnalit\u00e9s qu\u2019elles proposent.<\/p>\t\t\t\t\t\t\t\t<\/div>\n\t\t\t\t<\/div>\n\t\t\t\t\t<\/div>\n\t\t\t\t<\/div>\n\t\t<div class=\"elementor-element elementor-element-69d16ef e-flex e-con-boxed e-con e-parent\" data-id=\"69d16ef\" data-element_type=\"container\">\n\t\t\t\t\t<div class=\"e-con-inner\">\n\t\t\t\t<div class=\"elementor-element elementor-element-1dd3b52 elementor-widget elementor-widget-heading\" data-id=\"1dd3b52\" data-element_type=\"widget\" data-widget_type=\"heading.default\">\n\t\t\t\t<div class=\"elementor-widget-container\">\n\t\t\t\t\t<h2 class=\"elementor-heading-title elementor-size-default\">Apprendre \u00e0 utiliser un smartphone<\/h2>\t\t\t\t<\/div>\n\t\t\t\t<\/div>\n\t\t\t\t\t<\/div>\n\t\t\t\t<\/div>\n\t\t<div class=\"elementor-element elementor-element-366df63 e-flex e-con-boxed e-con e-parent\" data-id=\"366df63\" data-element_type=\"container\">\n\t\t\t\t\t<div class=\"e-con-inner\">\n\t\t\t\t<div class=\"elementor-element elementor-element-a443ccb elementor-widget elementor-widget-text-editor\" data-id=\"a443ccb\" data-element_type=\"widget\" data-widget_type=\"text-editor.default\">\n\t\t\t\t<div class=\"elementor-widget-container\">\n\t\t\t\t\t\t\t\t\t<p>De petite taille compar\u00e9 \u00e0 un ordinateur ou \u00e0 une tablette, pratique et tout-en-un, ce petit objet du quotidien ne sert plus seulement \u00e0 t\u00e9l\u00e9phoner ou \u00e0 envoyer des messages \u00e0 un contact du r\u00e9pertoire, comme c\u2019\u00e9tait le cas il y a quelques ann\u00e9es. Aujourd\u2019hui, le t\u00e9l\u00e9phone portable est \u00e9galement utilis\u00e9 pour\u202f:\u00a0\u00a0<\/p><ul class=\"wp-block-list\"><li>Prendre des photos et des vid\u00e9os\u202f;\u00a0<\/li><li>Surfer sur Internet\u202f;\u00a0<\/li><li>T\u00e9l\u00e9charger des applications ou des outils bureautiques\u202f;\u00a0<\/li><li>Faire des appels vid\u00e9o\u202f;\u00a0<\/li><li>Etc&#8230;<\/li><\/ul><p>D\u2019une marque \u00e0 l\u2019autre de smartphone mais \u00e9galement d\u2019un syst\u00e8me d\u2019exploitation \u00e0 l\u2019autre, l\u2019utilisation d\u2019un smartphone peut para\u00eetre p\u00e9rilleuse. Pour apprendre \u00e0 l\u2019utiliser et \u00e0 le ma\u00eetriser, il existe une solution simple\u202f: prendre des cours \u00e0 domicile avec un professionnel de l\u2019informatique qui vous donnera tous les conseils et toutes les astuces pour vous permettre d\u2019utiliser de mani\u00e8re quotidienne votre nouveau smartphone\u202f!\u00a0<\/p>\t\t\t\t\t\t\t\t<\/div>\n\t\t\t\t<\/div>\n\t\t\t\t\t<\/div>\n\t\t\t\t<\/div>\n\t\t<div class=\"elementor-element elementor-element-684eb97 e-flex e-con-boxed e-con e-parent\" data-id=\"684eb97\" data-element_type=\"container\">\n\t\t\t\t\t<div class=\"e-con-inner\">\n\t\t\t\t<div class=\"elementor-element elementor-element-7bd6263 elementor-widget elementor-widget-heading\" data-id=\"7bd6263\" data-element_type=\"widget\" data-widget_type=\"heading.default\">\n\t\t\t\t<div class=\"elementor-widget-container\">\n\t\t\t\t\t<h2 class=\"elementor-heading-title elementor-size-default\">Formation et initiation smartphone senior <\/h2>\t\t\t\t<\/div>\n\t\t\t\t<\/div>\n\t\t\t\t\t<\/div>\n\t\t\t\t<\/div>\n\t\t<div class=\"elementor-element elementor-element-4f35e14 e-flex e-con-boxed e-con e-parent\" data-id=\"4f35e14\" data-element_type=\"container\">\n\t\t\t\t\t<div class=\"e-con-inner\">\n\t\t\t\t<div class=\"elementor-element elementor-element-f4129a8 elementor-widget elementor-widget-text-editor\" data-id=\"f4129a8\" data-element_type=\"widget\" data-widget_type=\"text-editor.default\">\n\t\t\t\t<div class=\"elementor-widget-container\">\n\t\t\t\t\t\t\t\t\t<p>Les cours particuliers \u00e0 domicile de formation et d\u2019initiation aux smartphones sont compris dans les prestations d\u2019assistance informatique \u00e0 domicile, activit\u00e9 qui entre dans le cadre des services \u00e0 la personne (article 199 sexdecies du code g\u00e9n\u00e9ral des imp\u00f4ts). Faire appel \u00e0 un professionnel agr\u00e9\u00e9 services \u00e0 la personne, c\u2019est b\u00e9n\u00e9ficier, en tant que particulier, d\u2019un cr\u00e9dit d\u2019imp\u00f4t de 50% sur le montant des d\u00e9penses limit\u00e9es \u00e0 3\u202f000\u20ac par an et par foyer fiscal. C\u2019est l\u2019occasion de se former tout en b\u00e9n\u00e9ficiant de ce financement (sous forme de cr\u00e9dit d\u2019imp\u00f4t)\u202f!<\/p><p>Vous souhaitez trouver un informaticien \u00e0 domicile pr\u00e8s de chez vous\u202fpour r\u00e9aliser des formations ponctuels ou fr\u00e9quentes\u202f? Faites une demande de devis gratuite sur JOBINFORMATIQUE.ORG en renseignement toute information que vous jugerez utile pour que votre demande soit la plus compl\u00e8te possible et recevez, dans un d\u00e9lai de 72h maximum, des devis de l\u2019informaticien professionnel au plus pr\u00e8s de chez vous.<\/p><p><em><strong>Ou vous pouvez contacter l&rsquo;Association <a href=\"https:\/\/www.arobase66.fr\">AROBASE66.FR<\/a> qui donne des cours informatiques pour une cotisation annuelle de 50 \u20ac : cours d\u00e9butants tous les vendredis de 17h30 \u00e0 19h00, cours informatiques pour Initi\u00e9s tous les mardis de 17h30 \u00e0 19h00 ou encore cours pour Exp\u00e9riment\u00e9s tous les jeudis de 17h30 \u00e0 19h00 \u00e0 la salle FOR\u00c7A R\u00c9AL de la Mairie de Millas &#8211; 1, place de la R\u00e9publique &#8211; 66170 MILLAS &#8211; Vous pouvez consulter le programme des diff\u00e9rents cours sur le site de l&rsquo;Association <\/strong><\/em><a href=\"https:\/\/www.arobase66.fr\"><em><strong>AROBASE66.FR<\/strong><\/em><\/a><\/p>\t\t\t\t\t\t\t\t<\/div>\n\t\t\t\t<\/div>\n\t\t\t\t\t<\/div>\n\t\t\t\t<\/div>\n\t\t<div class=\"elementor-element elementor-element-d4e772c e-flex e-con-boxed e-con e-parent\" data-id=\"d4e772c\" data-element_type=\"container\">\n\t\t\t\t\t<div class=\"e-con-inner\">\n\t\t\t\t<div class=\"elementor-element elementor-element-41a9150 elementor-widget elementor-widget-heading\" data-id=\"41a9150\" data-element_type=\"widget\" data-widget_type=\"heading.default\">\n\t\t\t\t<div class=\"elementor-widget-container\">\n\t\t\t\t\t<h1 class=\"elementor-heading-title elementor-size-default\">JOBINFORMATIQUE r\u00e9pond \u00e0 vos questions\u202f! <\/h1>\t\t\t\t<\/div>\n\t\t\t\t<\/div>\n\t\t\t\t\t<\/div>\n\t\t\t\t<\/div>\n\t\t<div class=\"elementor-element elementor-element-05f92d8 e-flex e-con-boxed e-con e-parent\" data-id=\"05f92d8\" data-element_type=\"container\">\n\t\t\t\t\t<div class=\"e-con-inner\">\n\t\t\t\t<div class=\"elementor-element elementor-element-4fa2765 elementor-widget elementor-widget-heading\" data-id=\"4fa2765\" data-element_type=\"widget\" data-widget_type=\"heading.default\">\n\t\t\t\t<div class=\"elementor-widget-container\">\n\t\t\t\t\t<h2 class=\"elementor-heading-title elementor-size-default\">Le prix de la formation varie-t-il en fonction du mod\u00e8le du t\u00e9l\u00e9phone\u202f? <\/h2>\t\t\t\t<\/div>\n\t\t\t\t<\/div>\n\t\t\t\t\t<\/div>\n\t\t\t\t<\/div>\n\t\t<div class=\"elementor-element elementor-element-fe22a5e e-flex e-con-boxed e-con e-parent\" data-id=\"fe22a5e\" data-element_type=\"container\">\n\t\t\t\t\t<div class=\"e-con-inner\">\n\t\t\t\t<div class=\"elementor-element elementor-element-7cb5f44 elementor-widget elementor-widget-text-editor\" data-id=\"7cb5f44\" data-element_type=\"widget\" data-widget_type=\"text-editor.default\">\n\t\t\t\t<div class=\"elementor-widget-container\">\n\t\t\t\t\t\t\t\t\t<p>Oui, plus un t\u00e9l\u00e9phone est complexe et comporte des fonctionnalit\u00e9s, plus la dur\u00e9e de la formation sera importante et le prix augmentera en cons\u00e9quence. Faites une demande de devis gratuite pour obtenir une offre de l\u2019informaticien de l&rsquo;entreprise JOBINFORMATIQUE\u202f!<\/p>\t\t\t\t\t\t\t\t<\/div>\n\t\t\t\t<\/div>\n\t\t\t\t\t<\/div>\n\t\t\t\t<\/div>\n\t\t<div class=\"elementor-element elementor-element-8753ef2 e-flex e-con-boxed e-con e-parent\" data-id=\"8753ef2\" data-element_type=\"container\">\n\t\t\t\t\t<div class=\"e-con-inner\">\n\t\t\t\t<div class=\"elementor-element elementor-element-e4a2eaa elementor-widget elementor-widget-heading\" data-id=\"e4a2eaa\" data-element_type=\"widget\" data-widget_type=\"heading.default\">\n\t\t\t\t<div class=\"elementor-widget-container\">\n\t\t\t\t\t<h2 class=\"elementor-heading-title elementor-size-default\">Le montant des d\u00e9penses d\u2019assistance informatique \u00e0 domicile est-il plafonn\u00e9\u202f? <\/h2>\t\t\t\t<\/div>\n\t\t\t\t<\/div>\n\t\t\t\t\t<\/div>\n\t\t\t\t<\/div>\n\t\t<div class=\"elementor-element elementor-element-1290bbe e-flex e-con-boxed e-con e-parent\" data-id=\"1290bbe\" data-element_type=\"container\">\n\t\t\t\t\t<div class=\"e-con-inner\">\n\t\t\t\t<div class=\"elementor-element elementor-element-bd0a837 elementor-widget elementor-widget-text-editor\" data-id=\"bd0a837\" data-element_type=\"widget\" data-widget_type=\"text-editor.default\">\n\t\t\t\t<div class=\"elementor-widget-container\">\n\t\t\t\t\t\t\t\t\t<p>Oui, l\u2019assistance informatique \u00e0 domicile, comme toutes les autres activit\u00e9s de services \u00e0 la personne, poss\u00e8de un plafond. Le montant de ce dernier est de 3\u202f000\u20ac par an et par foyer fiscal, soit un cr\u00e9dit d\u2019imp\u00f4t maximal d\u2019un montant de 1\u202f500\u20ac.<\/p>\t\t\t\t\t\t\t\t<\/div>\n\t\t\t\t<\/div>\n\t\t\t\t\t<\/div>\n\t\t\t\t<\/div>\n\t\t<div class=\"elementor-element elementor-element-bbfc161 e-flex e-con-boxed e-con e-parent\" data-id=\"bbfc161\" data-element_type=\"container\">\n\t\t\t\t\t<div class=\"e-con-inner\">\n\t\t\t\t<div class=\"elementor-element elementor-element-ba20a0b elementor-widget elementor-widget-heading\" data-id=\"ba20a0b\" data-element_type=\"widget\" data-widget_type=\"heading.default\">\n\t\t\t\t<div class=\"elementor-widget-container\">\n\t\t\t\t\t<h2 class=\"elementor-heading-title elementor-size-default\">Est-ce gratuit de faire une demande de devis sur JOBINFORMATIQUE. ORG\n?  <\/h2>\t\t\t\t<\/div>\n\t\t\t\t<\/div>\n\t\t\t\t\t<\/div>\n\t\t\t\t<\/div>\n\t\t<div class=\"elementor-element elementor-element-efc279c e-flex e-con-boxed e-con e-parent\" data-id=\"efc279c\" data-element_type=\"container\">\n\t\t\t\t\t<div class=\"e-con-inner\">\n\t\t\t\t<div class=\"elementor-element elementor-element-009c03a elementor-widget elementor-widget-text-editor\" data-id=\"009c03a\" data-element_type=\"widget\" data-widget_type=\"text-editor.default\">\n\t\t\t\t<div class=\"elementor-widget-container\">\n\t\t\t\t\t\t\t\t\t<p>Oui, la demande de devis sur JOBINFORMATIQUE.ORG est gratuite et le restera pour toujours\u202f!<\/p>\t\t\t\t\t\t\t\t<\/div>\n\t\t\t\t<\/div>\n\t\t\t\t\t<\/div>\n\t\t\t\t<\/div>\n\t\t\t\t<\/div>\n\t\t","protected":false},"excerpt":{"rendered":"<p>Formation sur la prise en main des smartphones Les t\u00e9l\u00e9phones nouvelle g\u00e9n\u00e9ration plus fr\u00e9quemment connus sous le nom de \u00ab\u202fsmartphone\u202f\u00bb qui signifie \u00ab\u202ft\u00e9l\u00e9phone intelligent\u202f\u00bb en anglais sont, aujourd\u2019hui, devenus compl\u00e8tement indispensables au quotidien\u202f! Ces nouvelles technologies requi\u00e8rent parfois une formation pour les prendre en main et profiter pleinement de toutes les fonctionnalit\u00e9s qu\u2019elles proposent. Apprendre [&hellip;]<\/p>\n","protected":false},"author":1,"featured_media":0,"parent":0,"menu_order":0,"comment_status":"closed","ping_status":"closed","template":"","meta":{"footnotes":""},"class_list":["post-377","page","type-page","status-publish","hentry","entry"],"_links":{"self":[{"href":"https:\/\/www.jobinformatique.org\/index.php?rest_route=\/wp\/v2\/pages\/377","targetHints":{"allow":["GET"]}}],"collection":[{"href":"https:\/\/www.jobinformatique.org\/index.php?rest_route=\/wp\/v2\/pages"}],"about":[{"href":"https:\/\/www.jobinformatique.org\/index.php?rest_route=\/wp\/v2\/types\/page"}],"author":[{"embeddable":true,"href":"https:\/\/www.jobinformatique.org\/index.php?rest_route=\/wp\/v2\/users\/1"}],"replies":[{"embeddable":true,"href":"https:\/\/www.jobinformatique.org\/index.php?rest_route=%2Fwp%2Fv2%2Fcomments&post=377"}],"version-history":[{"count":23,"href":"https:\/\/www.jobinformatique.org\/index.php?rest_route=\/wp\/v2\/pages\/377\/revisions"}],"predecessor-version":[{"id":458,"href":"https:\/\/www.jobinformatique.org\/index.php?rest_route=\/wp\/v2\/pages\/377\/revisions\/458"}],"wp:attachment":[{"href":"https:\/\/www.jobinformatique.org\/index.php?rest_route=%2Fwp%2Fv2%2Fmedia&parent=377"}],"curies":[{"name":"wp","href":"https:\/\/api.w.org\/{rel}","templated":true}]}}